*g. List the prime factors of q.
11
Let c = -66 + 79. List the prime factors of c.
13
Let z = 169 + -102. What are the prime factors of z?
67
Suppose 2*w = -5*m + 120, 34 - 9 = 5*w. List the prime factors of m.
2, 11
Let r(y) = y**2 - 5*y + 2. Let q be r(6). Let s(u) = -u + 3. Let i be s(0). Suppose -n + q = i. List the prime factors of n.
5
Suppose -3*c + 103 + 113 = 0. What are the prime factors of c?
2, 3
Let d be -2 - -3*12/9. Suppose l - 1 = -d. List the prime factors of 1 - ((-27)/3 + l).
11
Suppose 0 = -r - 3*m + 205, -4*m = 4*r - 7*m - 790. What are the prime factors of r?
199
Let u(z) = z**3 - 8*z**2 + z - 7. Let p be u(8). Let l(f) = 9*f - 1. Let k(m) = -m. Let c(q) = -4*k(q) + l(q). What are the prime factors of c(p)?
2, 3
Let l be (-4)/18 - 994/(-18). Suppose -2*f + v = -l, 2*f - 3*v - v - 52 = 0. List the prime factors of f.
2, 7
Let z be (2 - (0 + 1)) + 19. Let i = z - -12. List the prime factors of i.
2
List the prime factors of 188 + 2*6*(-12)/36.
2, 23
Let l = 1097 + -746. What are the prime factors of l?
3, 13
Let s(l) = 11*l**2 + 1 + 3 - l**2 - 5. Let w be s(1). Suppose -3*j + w = -4*t - 14, 4*t = -2*j + 22. What are the prime factors of j?
3
Suppose 5*t - 2*s = 1, -s = -4*t - 5*s - 16. Let w(r) = 4*r**2 + 1. What are the prime factors of w(t)?
5
Suppose -z + 4*a + 13 + 21 = 0, -z + 58 = 4*a. List the prime factors of z.
2, 23
Suppose -2*u = -8, -2*t - 10*u + 66 = -9*u. List the prime factors of t.
31
Let m be (4/(-10))/((-3)/15). Suppose -f = -4*l - 4 - 2, -m*f = 3*l - 67. List the prime factors of f.
2, 13
Let h be (-8)/16 - (-70)/4. Let q = h + -5. List the prime factors of q.
2, 3
Let u = -14 - -25. What are the prime factors of u?
11
Suppose 0 = -2*r + 14 + 30. List the prime factors of r.
2, 11
Let u(g) = -30*g - 46. What are the prime factors of u(-5)?
2, 13
Let q(h) = h**2 - h + 1. Let n be q(-2). Suppose n*w = 5*a + 3*w - 45, 4*a + 3*w - 36 = 0. What are the prime factors of a?
3
Let i = 13 - 77. Let c = 114 + i. What are the prime factors of c?
2, 5
Let b = -37 - -84. What are the prime factors of b?
47
Let h = 8 + -3. Let u(p) = p**3 - 6*p**2 + 6*p + 7. What are the prime factors of u(h)?
2, 3
Let n(w) = 77*w + 3. List the prime factors of n(1).
2, 5
Suppose -3*u = 2*k - 50, k - 7 = -5*u + 4. List the prime factors of k.
31
Let c(n) = 2*n. Let w be c(2). Suppose -2*b - 2*b + w = 0. What are the prime factors of (14 + -3)/(0 + b)?
11
Let c(z) = 13*z - 26. List the prime factors of c(12).
2, 5, 13
Let q be (-2)/(-4)*(-1 - 1). Let f(x) = -x**3 + 10*x**2 - 11*x + 13. Let p be f(9). Let s = q - p. List the prime factors of s.
2
Suppose -5*x + 110 = h, -2*h = 4*x - 3*h - 79. Suppose 3*i - 6*i + 4*b + x = 0, 12 = -i - 5*b. List the prime factors of i/6*2 - -1.
2
Suppose -5*u = -8 - 17. Suppose -z + 0*z - 8 = -4*p, -3*p = -u*z - 6. What are the prime factors of p?
2
Suppose 0 = -2*i + 3 + 1. Suppose -i*l = k - 2 - 7, 4*k - 71 = -l. Let q = k + -10. List the prime factors of q.
3
Let u(i) = i**2 - 5*i - 3. Let c be u(5). Let a = c - -8. What are the prime factors of a?
5
Let s = 17 + -3. List the prime factors of s.
2, 7
Let n = 33 - -12. Let b be (-1)/(-2 - n/(-21)). Let u = b + 13. What are the prime factors of u?
2, 3
Let z = 2 + 1. Let k be (-5 - (-2 + z))/(-1). Suppose 0 = 3*b + d - 11, 2*b - 2*d + 18 = k*b. What are the prime factors of b?
2
Let n(l) = -l**2 - 11*l - 12. Let a be n(-10). Let j = 2 - a. Suppose 17 = 2*k - 2*b - 5, -j*b = 5*k - 19. List the prime factors of k.
7
List the prime factors of 8 + 123 - (-8)/(-2).
127
Let r be (-3)/(-6)*-6 + 1. List the prime factors of 14/(2 + -1) - r.
2
Let k = 362 + -109. What are the prime factors of k?
11, 23
Let q(p) = 2*p - 1. Let t be q(2). Suppose t*r + 2 = r. What are the prime factors of -2*r/2*3?
3
What are the prime factors of 615*((-16)/(-30) - 2/10)?
5, 41
Suppose -6 = -2*f, 5*r + 6*f - 182 = 2*f. Let t = r - 24. What are the prime factors of 1/(3/t)*3?
2, 5
Let l be (3 - 6) + (-10)/(-1). Let m(p) = p**2 - 6*p + 2. List the prime factors of m(l).
3
Let i(p) = -p + 5. Let c be i(0). Let w = 5 + c. List the prime factors of w.
2, 5
Suppose 2*w + o = 5, -4*w - 15 = -6*w - 3*o. Let p(u) = -u + 2*u**2 + 3*u**3 - 4*u**3 + 15 - u**2. List the prime factors of p(w).
3, 5
Let y = 78 - 50. List the prime factors of y.
2, 7
Let u = 0 + 3. Suppose -5*q - 2*s = -s + 37, -3*s = u*q + 15. Let c = q - -20. What are the prime factors of c?
2, 3
Let f(n) = -n**3 + 4*n**2 + 4*n - 4. List the prime factors of f(3).
17
Suppose 2*x - 25 = 15. Suppose -5*g - x = -10*g. Suppose -3*r + 16 - g = 0. List the prime factors of r.
2
Let o(s) be the second derivative of 0 - 1/2*s**2 - 2*s + 1/20*s**5 + 2/3*s**3 - 1/3*s**4. List the prime factors of o(3).
2
Let n be 5/(-15)*(-1 + 1). Suppose w + 8 + 0 = 5*x, -3*x - w = n. Let t = 4 + x. List the prime factors of t.
5
Let y(u) = u**3 - 5*u**2 - 4*u - 8. Let n be y(6). List the prime factors of ((-6)/n)/((-3)/52).
2, 13
Let k(s) = s**3 + 12*s**2 - 13*s + 33. What are the prime factors of k(-12)?
3, 7
Let g(r) = r**3 + 3*r**2 + 3*r + 2. Let t be g(-2). What are the prime factors of (1 + t)*33/3?
11
Let q(o) = o**2 + o - 1. Let c = -25 + 21. What are the prime factors of q(c)?
11
Let w be (18/(-3))/3 - -10. Suppose 3*v + 3*z - 25 = w, -2*v - 4*z + 28 = 0. List the prime factors of v.
2
Suppose -2*p = -2*a - 10, p - 2*a = 5*p + 4. Let g(j) = -4*j + 3*j - j**2 + 0*j + 4*j**2 - p. What are the prime factors of g(-2)?
13
What are the prime factors of 47 + -1 + -3 + 3?
2, 23
Let v be 6/15 + 7/(-5). Let u = v + 11. List the prime factors of u.
2, 5
Let z be -2*-2*1/(-1). Let a(j) = j**3 - 3*j**2 - 9*j - 6. Let m(v) = 4*v**3 - 8*v**2 - 28*v - 18. Let f(h) = 7*a(h) - 2*m(h). List the prime factors of f(z).
2, 3
Let p = -2 + 0. Let j be -2 - -1 - (p + 1). Suppose j = r - 13 + 1. What are the prime factors of r?
2, 3
Suppose 0 = 5*c - 44 + 4. Let w(y) = y**3 - 8*y**2 + y + 9. What are the prime factors of w(c)?
17
Let a = 16 - 9. Suppose 2*m - 6 = 5*s, -a*s = -4*m - 2*s + 12. Suppose -m*p + 12 = r - 0*r, -r - 23 = -4*p. List the prime factors of p.
5
Let s(r) = 4*r + 1. Let o be s(1). What are the prime factors of (-148)/(-10) - o/(-25)?
3, 5
Let k be 8/(3/(3/2)). Suppose p - 5 = r + 2, k = 2*r. What are the prime factors of p?
3
Suppose 0 = -x + 4*g + 80, -5*x + 76 = -5*g - 279. List the prime factors of x.
2, 17
Let j(f) = 3*f**2 + 4. List the prime factors of j(3).
31
Let l(r) = -r + 3. Let j(y) = -y**2 - 10*y. Suppose 3*d + 31 = 1. Let v be j(d). What are the prime factors of l(v)?
3
Suppose 0 = 3*i - 2 - 1, 5*k - 167 = -2*i. What are the prime factors of k?
3, 11
Let d(r) = 3*r + 0*r - 4 - 2*r - 2*r. List the prime factors of d(-9).
5
Let m(l) = -l**3 - 8*l**2 + 9. List the prime factors of m(-8).
3
Let o(d) = 11*d**3 + 3*d**2 - 4. What are the prime factors of o(2)?
2, 3
Let v(f) = f**3 - f**2 - 3*f + 2. Let g be v(2). Suppose g = c + c - 12. List the prime factors of c.
2, 3
Let m = -9 - -213. List the prime factors of m.
2, 3, 17
Let j = 132 - 74. Let f = j - -8. Suppose 0 = -4*a + y + f, 5*a + 2*y + 0*y - 76 = 0. What are the prime factors of a?
2
Let w be 15*(5/(-3) - -3). Suppose x = -4*d + 80, d - 19 = -5*x + w. List the prime factors of d.
19
Let k be 78/(-21) - (-2)/(-7). List the prime factors of (-2 - -19)/(k/(-4)).
17
Let b = -1 - 1. List the prime factors of b/8 - 122/(-8).
3, 5
Let r be ((-4)/(-3))/((-4)/(-18)). Let w(v) = -v**2 + 8*v - 7. Let o be w(r). Suppose 23 = o*h - 22. What are the prime factors of h?
3
Let q(k) = -2 - 4*k - 8*k - 3*k. What are the prime factors of q(-2)?
2, 7
What are the prime factors of (-5)/((-70)/2386) - (-3)/(-7)?
2, 5, 17
Let r = 10 - 14. Let s be 1/((-10)/r + -2). Suppose 2*x + 4 = -o, o + o - s*x - 10 = 0. List the prime factors of o.
2
Let r(a) = 3*a + 6. Let w = 21 - 12. Let y be r(w). List the prime factors of (-2)/((-72)/y - -2).
11
Let p = 28 - -55. What are the prime factors of p?
83
Let a = 8 - 11. Let o(u) = 2*u**2 + 4*u - 1. What are the prime factors of o(a)?
5
Let a(s) = 2*s**2 - 1. List the prime factors of a(-3).
17
Suppose 3*w = 5*y - 21, 4*y = -6*w + w + 2. Suppose i - y*i + 14 = 0. List the prime factors of i.
7
Let c(r) = -r**2 + 7*r + 3. List the prime factors of c(5).
13
Let i(m)